mmon divisor of 4 and f.
4
Suppose -a = i - 81, 0 = i - 2*a - 45 - 51. Let q = -50 + i. Let m = -19 + 31. Calculate the greatest common divisor of q and m.
12
Let l be (12/(-4) - -1)*50/(-4). Calculate the highest common divisor of 10 and l.
5
Let y(b) = -b**3 + 4*b**2 - b - 2. Let u be y(3). Suppose a = -s - 0*s + 4, -2*a - 46 = -u*s. Let k = 68 + -14. What is the greatest common divisor of k and s?
9
Let r be 30/(-27)*-3*3. Let q be 5/((-3)/27*-3). Calculate the greatest common factor of q and r.
5
Suppose 3*h + 3*z - 18 = 0, 2*z - 22 + 6 = -4*h. Suppose k + 190 = 4*u - k, h = -2*k. Suppose 5*m = 28 + u. Calculate the highest common factor of m and 3.
3
Suppose 2*r - 9 = 3. Suppose g + 2*y = -r, -y + 0*y - 12 = -4*g. Let n = g + -1. Calculate the greatest common factor of n and 2.
1
Let h = -3 - -5. Suppose -h*x + 9 = -x. Calculate the highest common factor of x and 63.
9
Suppose -34 - 66 = -5*a. Let n = a - 29. Let h be 3 + -1 - 36/n. Calculate the highest common factor of h and 30.
6
Let a(u) = -2*u**3 - u**2 - u - 2. Let g be a(-2). Calculate the highest common factor of g and 132.
12
Let c(b) = 14*b. Let n be c(3). What is the greatest common factor of 28 and n?
14
Suppose 20 = 2*t - 2. Let s be 2/(-8) - (-706)/8. Calculate the greatest common divisor of t and s.
11
Let y = 33 + -11. Calculate the greatest common factor of y and 55.
11
Let k(n) = -n**3 - 2*n**2 - n. Let r be k(-4). Let u(m) = 2*m**2 - 2*m - 1. Let o be u(-1). Let j = 9 + o. Calculate the highest common divisor of r and j.
12
Let k be ((-10)/(-4) + -3)/((-3)/48). What is the highest common factor of 24 and k?
8
Suppose -2*b = -3*y + 52, 5*b + 4 + 6 = 0. What is the greatest common factor of 80 and y?
16
Let m be -7*(-1)/(3/30*2). Calculate the greatest common factor of 245 and m.
35
Let c(w) = 2*w - 3 - 6*w - 3 - 1. Let s be c(-6). What is the highest common factor of s and 187?
17
Suppose -2*u + 0 + 14 = 0. What is the greatest common divisor of u and 7?
7
Let u = 169 - -490. Let s = u - 102. Suppose s = 3*z + 152. Calculate the greatest common divisor of 15 and z.
15
Let u(s) be the first derivative of -s**3/3 + s**2 - 1. Let h be u(2). Let c be 154/2 + (-2 - h). Calculate the greatest common factor of c and 30.
15
Let y = 23 - 15. Let v = -1 - -3. What is the greatest common factor of v and y?
2
Suppose 18 - 3 = 3*d. Suppose -w = -2*n + 5 + 2, 0 = -d*n + 2*w + 16. Suppose -6*j + 32 = -n*j. Calculate the greatest common factor of j and 16.
8
Suppose 0 = -2*u + 3*h + 17 + 4, 2*u - h = 27. Suppose 4*z + 5*o + 95 = -z, -8 = -4*o. Let i be (9/(-4))/(z/56). Calculate the highest common factor of u and i.
3
Let b(z) = 4*z - 9. Let r be b(3). Calculate the greatest common divisor of 1 and r.
1
Let g = 890 - 602. Calculate the highest common factor of 36 and g.
36
Let b be 432/128 - (-3)/(-8). Suppose 4*a + 3 = s + 5*a, 0 = 4*s - 2*a - 30. Calculate the greatest common factor of s and b.
3
Let p(g) = 2*g**2 + 3*g + 3. Let b be p(-2). Suppose 3*z = 5*z + 6, -3*s - 5*z - 108 = 0. Let k = 51 + s. Calculate the greatest common divisor of k and b.
5
Suppose 2*k = 0, -4*t - 2*k + 140 = t. What is the greatest common factor of 196 and t?
28
Let r(m) = m**3 - 10*m**2 - 16*m + 3. Let l be r(12). Calculate the greatest common factor of l and 11.
11
Let w = 26 + -15. What is the greatest common factor of 33 and w?
11
Suppose -8*j = 17 - 105. Calculate the highest common factor of 22 and j.
11
Let l be (-1)/(2/4)*-2. Suppose -2*i + 0*d + l*d = -40, 5*i + 4*d - 86 = 0. Let a(m) = 3*m - 6. Let t be a(8). Calculate the greatest common divisor of i and t.
18
Let r be ((-11)/(-6))/(4/24). What is the greatest common factor of 22 and r?
11
Let j(u) = u**2 + 3*u + 1. Let q be j(-3). What is the greatest common factor of q and 9?
1
Let z be (2/5)/((-4)/60). Let j be 32/3 + 4/z. Suppose -b + 50 = 2*r + 4*b, 0 = r - 3*b - 36. What is the greatest common factor of j and r?
10
Let n be (-6)/(-15) + 16/10. Let c = 5 - n. Calculate the highest common factor of c and 21.
3
Let k(g) = 9*g**2 - 3*g - 1. Let m be k(-2). Let w = m + 4. Let u(b) = 4*b - 3. Let r be u(3). Calculate the greatest common divisor of w and r.
9
Let i(z) = z**3 + 10*z**2 - 13*z - 16. Let a be i(-11). Let l(s) = s**3 - 6*s**2 + s. Let c be l(a). Calculate the greatest common divisor of c and 6.
6
Let g(p) = p**3 + 11*p**2 + 9*p - 9. Let r be g(-10). Let h be 1 - r - (0 + -225). What is the highest common divisor of 25 and h?
25
Suppose -2*b + 19 = -3*f, -5*f = b + 10 - 0. Let o be 2/(2 + 24/(-14)). Let p = o + b. Calculate the greatest common divisor of p and 24.
12
Let g(u) = u**2 + 3*u - 2. Let f be g(4). Let o(y) = 9*y**2 - 6*y - 2. Let i be o(6). What is the highest common divisor of f and i?
26
Suppose 5*r + 0*r = 4*d + 35, -5*d - 3*r = 16. Let u be ((-6)/d)/((-2)/(-5)). What is the highest common factor of u and 27?
3
Let v(i) = 11*i**2 + 4*i + 16. Let y be v(-4). Calculate the greatest common divisor of 16 and y.
16
Suppose t - 4*n + 2 = -3*n, 0 = 5*n. Let w be 1/(-2)*t + 17. Suppose 0 = 3*x - 2*x - w. Calculate the greatest common divisor of 45 and x.
9
Let c = 25 - 15. Suppose 2*h = h + 10. What is the greatest common factor of c and h?
10
Let r(b) = b**3 + 17*b**2 + 7*b - 15. Let a be r(-15). Calculate the greatest common factor of a and 30.
30
Let m = -175 - -362. What is the highest common divisor of m and 17?
17
Let v = 76 - 26. Calculate the greatest common factor of 30 and v.
10
Suppose 5*g + 0*g - 495 = 0. Let w(v) = -v**3 - 5*v**2 + 4*v - 3. Let j be w(-6). What is the highest common divisor of j and g?
9
Let y = 12 - 12. Suppose -5*h = -3*f + 32, -2*f - 5*h = -y*h - 38. What is the greatest common divisor of f and 154?
14
Suppose 0*f - 26 = -3*u + 4*f, 2*f - 2 = -u. What is the greatest common factor of u and 6?
6
Suppose 0 = 4*s + r - 2*r + 268, 0 = 4*s - 2*r + 272. Let i be ((-6)/(-2))/((-1)/s). What is the greatest common factor of i and 22?
22
Let s = 3 + -1. Suppose 5*y + 3*c = 2*y + 18, -14 = -s*y - c. Suppose y = 5*t - 2. Calculate the highest common factor of 16 and t.
2
Let k be (12 - (-6)/(-3)) + 2. Let l be (1/(-3))/((-2)/k). Suppose u = l*u - 128. What is the greatest common divisor of u and 16?
16
Suppose -2*t + 5*x = -9 + 2, 0 = 3*x - 15. Calculate the greatest common factor of 112 and t.
16
Let z = 3 - -7. Let i = z + -8. Suppose -2*j - i = -16. Calculate the highest common divisor of 77 and j.
7
Suppose 7*c = 3*c - 3*b + 119, 5*b = -2*c + 77. Suppose -p = p - c. What is the greatest common factor of 65 and p?
13
Let d = -7 + 10. Let t = d - 0. What is the highest common factor of t and 27?
3
Let y(s) = -s**2 - 9*s - 2. Let q be y(-8). Suppose -n - 3*w - 7 = q, -5*w = -4*n + 33. Let g = 9 - n. Calculate the highest common factor of g and 28.
7
Let y = 184 + -148. Let a(o) = -o**2 - 7*o - 1. Let p be a(-6). Suppose p*i - 18 = 2. Calculate the greatest common factor of y and i.
4
Let a be (6*16/9)/(2/21). Calculate the highest common factor of a and 14.
14
Suppose 5*q + 200 = 6*q. What is the highest common divisor of 25 and q?
25
Suppose j = 2*j + 3*m - 19, 2*j - 2*m + 2 = 0. Suppose 0 = j*n - 0*n - 48. Let b(r) = 4*r. Let f be b(3). Calculate the greatest common divisor of f and n.
12
Let d = 21 - 13. Suppose 18 = 2*n + d. Suppose -n*y + y + 324 = 0. What is the highest common divisor of 9 and y?
9
Let o = 0 + 3. Let l = -18 + 20. Suppose 5 - 6 = -2*c + r, 0 = -l*c + 5*r - 19. What is the highest common factor of o and c?
3
Let r(d) = -14*d + 44. Let s be r(-4). Calculate the greatest common divisor of s and 40.
20
Let x(l) = 122*l - 10. Let a be x(2). Calculate the highest common divisor of a and 26.
26
Let h be (-51)/6*(-1 - 7). Suppose -2*z = 2*z - h. Let k(p) = -p + 13. Let u be k(-4). Calculate the greatest common factor of z and u.
17
Let h(o) = 2*o**2 + 7*o - 1. Let f be h(-6). Let x = 15 + f. What is the highest common divisor of x and 11?
11
Suppose 2*c - 5 = 2*s - 3, 5*s + 4*c = -5. Let q = s - -5. Suppose -q = -n + 11. Calculate the greatest common factor of n and 6.
3
Let q(i) = 3*i - 22. Let p be 21/2 + 3/(-6). Let a be q(p). What is the greatest common divisor of 4 and a?
4
Let y be 29 - (-1 - 0/(-1)). Suppose -2*w = -14 - 52. Let b = -13 + w. What is the highest common divisor of y